 multiple of 1973?
False
Does 153 divide 296368497?
True
Is 172884600 a multiple of 89?
False
Is 411554733 a multiple of 8?
False
Does 4448 divide 330304032?
True
Is 4270 a factor of 896405370?
True
Is 560 a factor of 34348980?
False
Is 134268125 a multiple of 508?
False
Is 234 a factor of 87964812?
True
Is 169 a factor of 91516268?
False
Does 1155 divide 31649353?
False
Does 297 divide 306416088?
True
Is 139749894 a multiple of 738?
True
Is 23 a factor of 35884230?
False
Does 20 divide 127886740?
True
Is 440 a factor of 25665200?
True
Is 131829434 a multiple of 579?
False
Is 14 a factor of 20400016?
True
Is 65601375 a multiple of 2345?
True
Is 116729457 a multiple of 588?
False
Is 162487325 a multiple of 1057?
True
Does 31 divide 284193?
False
Is 410 a factor of 300475470?
True
Is 1830 a factor of 962157270?
True
Is 1173161754 a multiple of 613?
False
Is 419432 a multiple of 23?
False
Is 53 a factor of 22196135?
True
Is 935547369 a multiple of 2559?
True
Is 6170870 even?
True
Does 19 divide 157756045?
False
Is 12 a factor of 212510520?
True
Does 276 divide 173297364?
True
Does 69 divide 1978816?
False
Is 25952872 a multiple of 8?
True
Is 344 a factor of 298069464?
True
Is 1177783200 a multiple of 18?
True
Does 340 divide 665587185?
False
Is 15899272 a multiple of 9?
False
Is 145 a factor of 70391265?
True
Is 31 a factor of 84560932?
True
Is 86455895 a multiple of 64?
False
Is 1501746738 a multiple of 11?
False
Does 538 divide 354451078?
True
Is 15 a factor of 23273280?
True
Is 17 a factor of 1930653994?
True
Is 1190018934 a multiple of 11?
False
Is 217650910 a multiple of 95?
False
Does 26 divide 46344740?
True
Does 468 divide 82002960?
True
Is 252779745 a multiple of 2229?
True
Is 953 a factor of 469745136?
True
Is 2756 a factor of 90679857?
False
Is 14939313 a multiple of 10?
False
Does 26 divide 429313690?
True
Is 4 a factor of 118740738?
False
Does 186 divide 38070351?
False
Is 2 a factor of 762120?
True
Is 14 a factor of 44729510?
True
Is 135 a factor of 64324260?
True
Is 578 a factor of 125723092?
True
Does 100 divide 23919425?
False
Does 163 divide 132570077?
False
Is 4193 a factor of 112020188?
True
Does 6 divide 15456084?
True
Does 60 divide 1025781?
False
Does 24 divide 103418928?
True
Does 1233 divide 1032569685?
True
Is 134947006 a multiple of 1159?
True
Is 1851206375 a multiple of 41?
True
Does 52 divide 1180922305?
False
Does 59 divide 31595348?
False
Is 597840914 a multiple of 520?
False
Is 133465462 even?
True
Does 10 divide 34152490?
True
Is 11 a factor of 1042792509?
True
Does 25 divide 45746050?
True
Does 136 divide 1266074320?
True
Is 25 a factor of 22208963?
False
Is 60 a factor of 47475319?
False
Does 27 divide 348321334?
False
Is 62 a factor of 1065584677?
False
Is 126 a factor of 16923564?
True
Is 1152645 a multiple of 39?
True
Is 1207639202 a multiple of 686?
True
Does 211 divide 78788890?
False
Is 605 a factor of 289049111?
False
Is 1097520944 a multiple of 808?
True
Is 674 a factor of 253924187?
False
Does 103 divide 218497505?
True
Does 961 divide 3544168?
True
Is 368 a factor of 787815945?
False
Is 16538403 a multiple of 277?
False
Is 27 a factor of 5887964628?
True
Does 120 divide 11831760?
True
Is 76606620 a multiple of 244?
False
Is 1193867280 a multiple of 304?
True
Is 10 a factor of 84813060?
True
Does 21 divide 11094825?
True
Is 6 a factor of 2194758?
True
Is 1189 a factor of 61172861?
True
Does 61 divide 162015939?
True
Is 19 a factor of 3690655?
True
Is 9 a factor of 24696189?
True
Is 6 a factor of 186741961?
False
Does 16 divide 32888576?
True
Is 3963756380 a multiple of 289?
True
Is 1949 a factor of 117724917?
False
Is 139 a factor of 16222362?
False
Does 171 divide 265814177?
False
Does 6 divide 81865284?
True
Does 854 divide 696499342?
True
Does 56 divide 58879688?
True
Is 41 a factor of 6462010?
True
Is 447216750 a multiple of 2350?
True
Is 16 a factor of 7111829?
False
Is 128 a factor of 297278208?
True
Does 20 divide 749917720?
True
Is 255 a factor of 27803694?
False
Is 257 a factor of 31441894?
True
Is 715 a factor of 37313850?
False
Is 309 a factor of 39044468?
False
Is 170030712 a multiple of 348?
True
Is 20651925 a multiple of 2085?
True
Is 828 a factor of 200939753?
False
Does 5 divide 74162?
False
Does 4 divide 194524367?
False
Is 3727275570 a multiple of 73?
False
Is 8 a factor of 1398678266?
False
Does 689 divide 5587790?
True
Is 5018 a factor of 942300112?
True
Is 1710 a factor of 71387370?
True
Is 4 a factor of 12022469?
False
Is 169 a factor of 66065225?
False
Is 828128826 a multiple of 378?
True
Does 976 divide 385947368?
False
Is 294278400 a multiple of 20?
True
Does 20 divide 65247953?
False
Is 2336344183 a multiple of 56?
False
Is 86 a factor of 10157116?
True
Is 7 a factor of 163795585?
False
Is 654116 a multiple of 530?
False
Is 8 a factor of 516144235?
False
Does 16 divide 130034169?
False
Does 40 divide 29532464?
False
Does 150 divide 351661800?
True
Is 276250406 a multiple of 62?
False
Does 1694 divide 45124514?
False
Is 10 a factor of 248747956?
False
Is 211 a factor of 14060829?
True
Is 46509921 a multiple of 3?
True
Is 7953 a factor of 1151435340?
True
Is 22 a factor of 17433744?
False
Does 14 divide 10158932?
True
Does 14 divide 163699807?
False
Is 578 a factor of 2823700736?
False
Is 194 a factor of 8714480?
True
Does 1687 divide 423124678?
False
Is 999719 a multiple of 12?
False
Is 150986979 a multiple of 603?
True
Is 37486189 a multiple of 294?
False
Is 1296 a factor of 682166448?
True
Is 26 a factor of 433048819?
False
Does 49 divide 617302?
True
Does 6 divide 214752865?
False
Is 4 a factor of 136001887?
False
Is 50 a factor of 487993305?
False
Does 1193 divide 67888858?
True
Is 7108737 a multiple of 6?
False
Does 107 divide 1054740266?
False
Is 48245664 a multiple of 1250?
False
Is 436 a factor of 15651964?
True
Is 325464304 a multiple of 260?
False
Is 2333020 a multiple of 8?
False
Is 147 a factor of 602203045?
False
Does 27 divide 17667072?
True
Does 3 divide 20131121?
False
Is 55 a factor of 156783275?
True
Is 212399566 a multiple of 431?
False
Does 59 divide 2374691?
True
Is 1086 a factor of 376393482?
True
Is 14 a factor of 385543174?
False
Does 630 divide 17599680?
True
Is 18610390 a multiple of 10?
True
Is 675967090 a multiple of 493?
True
Does 3488 divide 499171168?
True
Is 55479413 a multiple of 48?
False
Is 12009054 a multiple of 31?
False
Does 402 divide 126574653?
False
Is 16030213 a multiple of 2?
False
Does 1817 divide 196236?
True
Is 838237523 a multiple of 7?
False
Is 8 a factor of 27146690?
False
Does 953 divide 16241289?
False
Is 207277103 a multiple of 2764?
False
Does 13 divide 13508911?
True
Is 14 a factor of 10623032?
True
Does 43 divide 982077?
True
Is 7 a factor of 364694734?
False
Does 788 divide 1161680583?
False
Does 1055 divide 26386605?
True
Is 4286 a factor of 744028170?
True
Is 3339847 a multiple of 217?
True
Is 161722223 a multiple of 31?
False
Is 2886868037 a multiple of 1376?
False
Is 363 a factor of 9470827?
False
Does 357 divide 39311003?
False
Is 1467371584 a multiple of 1504?
True
Is 25 a factor of 115145309?
False
Is 73879212 a multiple of 876?
True
Is 16675679 a multiple of 222?
False
Does 84 divide 2935001901?
False
Is 16866685 a multiple of 624?
False
Does 56 divide 55505420?
False
Is 138 a factor of 228952074?
True
Is 751977685 a multiple of 2200?
False
Does 5608 divide 36597808?
True
Does 11 divide 33380093?
False
Is 22312746 a multiple of 486?
True
Is 86000947 a multiple of 305?
False
Does 9 divide 146264903?
False
Is 98088067 a multiple of 523?
False
Is 938141929 a multiple of 21?
False
Does 3003 divide 2230649421?
True
Is 31 a factor of 369317517?
False
Is 51 a factor of 2487886228?
False
Does 166 divide 427819812?
False
Does 2420 divide 40021960?
True
Does 2041 divide 2536565005?
True
Is 98 a factor of 99856258?
False
Is 41855121 a multiple of 9?
True
Does 787 divide 104552163?
True
Is 1095798650 a multiple of 786?
False
Is 80 a factor of 1922808118?
False
Is 2866875075 a multiple of 86?
False
Is 8 a factor of 1005440?
True
Is 71420332 a multiple of 34?
True
Is 7217377 a multiple of 549?
False
Does 31 divide 19515244?
True
Does 4006 divide 149907190?
False
Is 198856599 a multiple of 1581?
True
Is 99664032 a multiple of